 w = 96172 + -56726. List the prime factors of w.
2, 11, 163
Let v(w) = 30*w**3 - 5*w**2 - 34*w + 149. List the prime factors of v(10).
7, 53, 79
Let z = 5017 + -2611. Suppose 6*t - 360 = z. List the prime factors of t.
461
Let f = -2332 + 4196. Suppose 10*x + f = 4924. List the prime factors of x.
2, 3, 17
Let z = 1015 - 593. Let v = -128 + z. Suppose -62*h + v = -59*h. List the prime factors of h.
2, 7
Let z(b) = -2*b. Let i be (-12)/(-8) - 13/2. Let u be z(i). Suppose -u*l + 6*l = -800. What are the prime factors of l?
2, 5
Let i(o) be the first derivative of -1/4*o**4 + 25*o + 1 + 6*o**2 - 13/3*o**3. What are the prime factors of i(-14)?
53
Suppose -1157 = 8*y + 5*y. Let r = -40 - y. Suppose u = h - 2*h + r, 3*u = -5*h + 249. What are the prime factors of h?
3, 17
Let j = 36247 - 22572. List the prime factors of j.
5, 547
Suppose -33767*j = -33703*j - 451200. What are the prime factors of j?
2, 3, 5, 47
Let k be 4/(-1)*70/(-20). List the prime factors of (-663)/(-1) - 70/k.
2, 7, 47
Let k be -3*(-7 - -1)/6. List the prime factors of (12/4 - (-1 + k))*671.
11, 61
Let j(z) = z**3 + 20*z**2 + 126. Let s be j(-21). Let u = s + 532. What are the prime factors of u?
7, 31
Suppose -5*y + 4*h + 4610 = 0, -3119 = -3*y + 3*h - 350. Let m = 54 + y. What are the prime factors of m?
2, 3
Let t = 12566 + -2605. List the prime factors of t.
7, 1423
Suppose -2*v = 2*a - 5460, -4*a - 8162 = -14*v + 11*v. List the prime factors of v.
2, 29, 47
Suppose 0 = -j - 48 + 536. Let q(k) = k**2 - 22*k + 45. Let b be q(2). Suppose -j = -4*i - 4*y, -54 - 199 = -2*i - b*y. List the prime factors of i.
7, 17
Let o = -2055 + 9683. List the prime factors of o.
2, 1907
List the prime factors of ((-1505325)/100 - 20)*-4.
60293
Let q(h) be the third derivative of h**7/2520 + h**5/40 - 13*h**4/12 - 17*h**2. Let s(g) be the second derivative of q(g). List the prime factors of s(-4).
19
Let j(k) = -34*k**2 - 17*k + 26. Let y(c) = 68*c**2 + 34*c - 52. Let w(b) = -9*j(b) - 4*y(b). What are the prime factors of w(5)?
3, 101
Let c(j) = -69 - 66*j - 8*j - 46*j + 40*j. What are the prime factors of c(-5)?
331
Suppose -3*s = l - 2434, -2*s = 101*l - 102*l - 1631. List the prime factors of s.
3, 271
Suppose -34117 = -22*x + 49615. What are the prime factors of x?
2, 11, 173
Let a(q) = 117*q**2 + 14*q + 42. List the prime factors of a(-6).
2, 3, 5, 139
Suppose 5*q - 1310 = -s, 0 = s + 5. Let n = q + -381. What are the prime factors of (2 - 2)/((-3)/(-1)) - n?
2, 59
Let q = -251 - -392. Let b = q + -11. Suppose -g + 5*v + b = 0, 2*v - 4 = 4*v. List the prime factors of g.
2, 3, 5
Let k(l) be the second derivative of 49*l**3/2 + 21*l**2 - 21*l. List the prime factors of k(4).
2, 3, 5, 7
Let o = 42 - 39. What are the prime factors of ((-60)/(-24) + -4)*(-1 - o)?
2, 3
Let r(t) be the third derivative of 65*t**6/12 - t**5/20 - t**4/12 + 2*t**3/3 - 2*t**2 + 12*t. What are the prime factors of r(1)?
11, 59
Let x = 17740 - -9342. What are the prime factors of x?
2, 11, 1231
Let q(v) = -26*v - 390. Let n be q(-17). Let d = -106 - -158. Suppose 2*w - d = n. List the prime factors of w.
2, 13
Suppose 2*i + 4*z = 48766 - 11084, -2*i + 37694 = z. List the prime factors of i.
3, 61, 103
Suppose 4*x - 6968 = 3*n, 7*n = 3*x + 2*n - 5215. List the prime factors of (x/25)/((-2)/(-10)).
349
Suppose 2*n + 31 = 107. Suppose n = w - 61. What are the prime factors of w?
3, 11
Let j(w) = -3*w**3 + 2*w**3 + 59 + 4*w**2 + 8*w - 10*w**2 - 69. List the prime factors of j(-10).
2, 5, 31
Suppose 44*d - 45175 = 59061. What are the prime factors of d?
23, 103
Suppose 0 = -4*g - 41*y + 44*y + 63870, -3*g - 3*y = -47934. What are the prime factors of g?
2, 3, 11
Suppose -5*n = -4*i + 16, 0 = -2*n - 7*i + 2*i + 20. Suppose 3*m - 24 = y - 85, n = -4*y - 20. Let x(a) = a**2 + 19*a + 42. List the prime factors of x(m).
2, 3
Suppose 0 = 5*u - r - 17 + 43, -16 = 4*r. What are the prime factors of 117055/123 - 2/u?
2, 7, 17
Suppose -3*r - 91 = -16*r. Suppose 0 - 14 = -r*y. Suppose 3*v - 55 = -y*v. List the prime factors of v.
11
Let d be 54/((-5)/(5/1)). Let x be d/45*100/(-6). What are the prime factors of 15/(-2)*(-152)/x?
3, 19
Let f = -19841 - -29958. List the prime factors of f.
67, 151
Suppose 2*t = -2*h - 26, -5*h + 2*h = 4*t + 44. Let p(z) = 17*z**2 - 3*z + 22. What are the prime factors of p(h)?
2, 3, 7
Let m(q) = q**2 - 25*q + 152. Let z be m(12). What are the prime factors of (1 - 2/z)*(-8556)/(-138)?
3, 31
Suppose 0 = -20*u - 49*u + 13*u + 592984. List the prime factors of u.
10589
Let q = 317 + 481. Suppose -q*y = -805*y + 7280. What are the prime factors of y?
2, 5, 13
Suppose 10*q - 656600 = -4*q. Suppose 29*j - q = j. What are the prime factors of j?
5, 67
Let k(t) = -t**3 + 5*t**2 + 83*t + 14. Let l be k(-8). What are the prime factors of (62036/l)/(2/7)?
1193
Let f = -277 + 155. Let i = 116 + f. Let j(c) = 2*c**2 + 6*c - 9. What are the prime factors of j(i)?
3
Let g be (25/4)/((-6)/(-528)). Suppose -5*j = 4*a - 2081, -g = -a - 5*j - 26. List the prime factors of a.
3, 173
Suppose 247*s - 60 = 251*s. Let q = s - -517. What are the prime factors of q?
2, 251
Let p = 47112 - 13499. What are the prime factors of p?
33613
Let w be (-3 - -370) + (2 - -1). Suppose -21*u - w = -16*u. Let j = 127 + u. What are the prime factors of j?
53
Let n be (-36)/63 - (-1 - 214/7). Suppose n*f = 32*f - 142. What are the prime factors of f?
2, 71
Let g be (561/(-8))/17 + 2/16. Let p be -24*(-3)/((-9)/(-364)). List the prime factors of ((-6)/g)/(21/p).
2, 13
Let h = 271 + 1820. List the prime factors of h.
3, 17, 41
Suppose 32 - 704 = -4*g. Let p = 281 - g. List the prime factors of p.
113
Let s = 55 + -49. Suppose 0 = -s*j + 7*j. Suppose 62 = 5*o - 4*h, j = -2*h + 4*h + 6. List the prime factors of o.
2, 5
Let o(s) = 7 - 2353*s**2 - s**3 - 14*s + 0*s**3 + 2378*s**2. What are the prime factors of o(23)?
743
Suppose 102*r + 425220 = 178*r. What are the prime factors of r?
3, 5, 373
Let a be ((-6)/(-4))/((-210)/132580). Let n = a - -1723. List the prime factors of n.
2, 97
Let v be -2 - 0 - (0 - 0). List the prime factors of (-207)/v*(-4)/15*-10.
2, 3, 23
Suppose -2584 = -3*z + 3*i + 10739, -2*z + 8876 = -3*i. What are the prime factors of z?
4447
Suppose 19*r - 695996 = -34*r. List the prime factors of r.
2, 7, 67
Let s(l) = -14*l**3 + 7*l**2 + 8*l - 2. Let o be s(-2). Suppose 1236 = 2*h + o. List the prime factors of h.
557
Let o = 33418 - 22655. List the prime factors of o.
47, 229
List the prime factors of 804028/15 + 272/2040.
2, 26801
Suppose 54*f - 26*f - 5320 = 0. Suppose -f*c = -171*c - 22648. What are the prime factors of c?
2, 149
Suppose 89*z - 88*z = -2*v + 65879, -3*v + 98805 = -3*z. What are the prime factors of v?
2, 43, 383
Let i = 5276 + 8368. What are the prime factors of i?
2, 3, 379
Let b(g) = -861*g + 2925. What are the prime factors of b(-14)?
3, 4993
Let z = 8620 + -5697. Suppose -3*d = -2*t + z, -5*t - 22*d = -17*d - 7295. What are the prime factors of t?
2, 5, 73
Let s(n) = n**2 + 4*n + 14. Let w(h) = -2*h**2 - 3*h - 11. Let i(x) = -3*s(x) - 2*w(x). List the prime factors of i(-13).
227
Suppose -3*b - d = -1248 - 7110, -4*b + d = -11158. List the prime factors of b.
2, 17, 41
Let x(g) = -3*g**2 - 3*g**2 - 7*g**3 + g**3 - 496 + 515 + 19*g. What are the prime factors of x(-6)?
5, 197
Let j(r) = 2*r**3 - 3*r + 11. Let d be j(-5). Suppose 6*x - 2286 = -0*x. Let f = d + x. List the prime factors of f.
157
Suppose 0 = 12*y - 235 - 845. Suppose -y*w + 77*w = -6812. What are the prime factors of w?
2, 131
Let m = 58729 - 32337. List the prime factors of m.
2, 3299
Let h = -2363 + 5098. Suppose -5*x + h = 5*b, 0 = 4*x - 3*b - 2409 + 249. What are the prime factors of x?
3, 181
Let r(k) = k**3 - 2*k**2 - 5*k + 4. Let v be r(1). What are the prime factors of (0 - v)/((-8)/(-68))?
17
What are the prime factors of (7/(-42) + (-724)/(-24))*279?
2, 3, 5, 31
Suppose 782*z = 763*z + 204744. What are the prime factors of z?
2, 3, 449
Let q(x) = -10 + 66*x**2 + 4*x - 6*x - 24*x**2 + 7*x. What are the prime factors of q(3)?
383
Let h(j) = -320*j - 4. Let q(u) = -319*u - 3. Let p(n) = 4*h(n) - 5*q(n). Let v be p(-1). What are the prime factors of -1*5/20*v?
79
Let t be 7*((-30)/35)/(-2). List the prime factors of 600 - 7 -